
5, 773, 1231
What are the prime factors of 1003980833?
211, 1901, 2503
What are the prime factors of 98991626?
2, 49495813
What are the prime factors of 940009444?
2, 11, 379, 56369
What are the prime factors of 32500278?
2, 3, 22291
What are the prime factors of 4645818411?
3, 13, 1009, 118061
What are the prime factors of 272201101?
67, 131, 31013
What are the prime factors of 569576027?
269, 349, 6067
List the prime factors of 147386189.
59, 2498071
List the prime factors of 695270669.
695270669
What are the prime factors of 730441364?
2, 182610341
What are the prime factors of 599439743?
7, 85634249
What are the prime factors of 1670652189?
3, 61876007
List the prime factors of 4372167849.
3, 7, 53, 3928273
List the prime factors of 13387220.
2, 5, 7, 11, 8693
What are the prime factors of 137509565?
5, 359, 76607
What are the prime factors of 839808502?
2, 13, 47, 829
What are the prime factors of 4097079620?
2, 5, 4967, 41243
What are the prime factors of 73272937?
29, 2526653
What are the prime factors of 34702121?
47, 53, 13931
List the prime factors of 510661158.
2, 3, 7, 127, 95737
List the prime factors of 64873548.
2, 3, 200227
What are the prime factors of 2858737618?
2, 11, 107, 1214417
What are the prime factors of 779707505?
5, 31, 5030371
List the prime factors of 288393870.
2, 3, 5, 9613129
List the prime factors of 214226665.
5, 197, 217489
What are the prime factors of 10681025?
5, 427241
What are the prime factors of 55226182?
2, 11, 701, 3581
What are the prime factors of 1971624154?
2, 41, 431, 55787
What are the prime factors of 465142818?
2, 3, 7, 11074829
What are the prime factors of 911172562?
2, 17, 113, 237161
List the prime factors of 599340851.
47, 131, 311, 313
What are the prime factors of 3000667173?
3, 7, 103, 1387271
List the prime factors of 65906131.
65906131
List the prime factors of 1306359797.
1306359797
List the prime factors of 168734841.
3, 11, 47, 108791
List the prime factors of 85364439.
3, 37, 89, 8641
List the prime factors of 93457049.
7, 839, 15913
What are the prime factors of 15880295?
5, 17, 19, 9833
List the prime factors of 110082085.
5, 31, 710207
List the prime factors of 212654433.
3, 2113, 33547
What are the prime factors of 4144421238?
2, 3, 83, 2399, 3469
List the prime factors of 1395611.
7, 199373
List the prime factors of 48884720.
2, 5, 19, 29, 1109
List the prime factors of 2444404521.
3, 13, 62677039
List the prime factors of 4249560616.
2, 7, 75885011
List the prime factors of 170068748.
2, 17, 47, 127, 419
List the prime factors of 165358348.
2, 29, 1425503
List the prime factors of 2189315050.
2, 5, 13, 599, 5623
List the prime factors of 37142967.
3, 19, 373, 1747
List the prime factors of 53389738.
2, 2521, 10589
List the prime factors of 113768494.
2, 7, 1160903
List the prime factors of 83570871.
3, 27856957
What are the prime factors of 109437563?
109437563
List the prime factors of 2067139116.
2, 3, 7, 911437
What are the prime factors of 72064589?
23, 3133243
What are the prime factors of 74777902?
2, 2521, 14831
List the prime factors of 37775059.
7, 19, 284023
List the prime factors of 1774097815.
5, 7, 17, 2981677
List the prime factors of 142650188.
2, 29, 1229743
List the prime factors of 549386954.
2, 7193, 38189
List the prime factors of 1025819089.
7789, 131701
List the prime factors of 648198066.
2, 3, 17, 67, 94849
What are the prime factors of 575719717?
131, 271, 16217
List the prime factors of 58816198.
2, 7, 23, 182659
List the prime factors of 338568603.
3, 977, 115513
List the prime factors of 2026995800.
2, 5, 10134979
List the prime factors of 69172076.
2, 29, 107, 5573
List the prime factors of 708360729.
3, 3547, 66569
What are the prime factors of 156184246?
2, 4951, 15773
List the prime factors of 3210584552.
2, 7, 709, 80863
What are the prime factors of 3345793297?
7, 11, 43451861
What are the prime factors of 25699631?
17, 1511743
What are the prime factors of 790747004?
2, 167, 1183753
List the prime factors of 121341426.
2, 3, 37, 546583
What are the prime factors of 623389696?
2, 19, 179
What are the prime factors of 55139527?
29, 1901363
What are the prime factors of 671301582?
2, 3, 7, 37, 431983
List the prime factors of 1611417581.
1611417581
List the prime factors of 57946205.
5, 29, 137, 2917
List the prime factors of 105286687.
11, 439, 21803
What are the prime factors of 646488473?
2719, 237767
What are the prime factors of 38396804?
2, 53, 139, 1303
List the prime factors of 113774444.
2, 7, 4063373
What are the prime factors of 28214849?
13, 17, 127669
What are the prime factors of 2946672114?
2, 3, 19, 25848001
List the prime factors of 23137330.
2, 5, 89, 25997
List the prime factors of 33568168.
2, 59, 71119
What are the prime factors of 31398247?
2381, 13187
List the prime factors of 497251406.
2, 53, 617, 7603
List the prime factors of 3973013476.
2, 993253369
List the prime factors of 637685537.
229, 2784653
List the prime factors of 175764539.
175764539
List the prime factors of 464244368.
2, 7, 631, 6569
What are the prime factors of 62218431?
3, 11, 179, 3511
What are the prime factors of 537365456?
2, 33585341
What are the prime factors of 1834625792?
2, 7166507
What are the prime factors of 942335585?
5, 17, 11086301
What are the prime factors of 407744774?
2, 13159, 15493
List the prime factors of 47214250.
2, 5, 188857
What are the prime factors of 55908612?
2, 3, 1553017
What are the prime factors of 236994259?
457, 518587
List the prime factors of 3908783798.
2, 173, 881, 12823
What are the prime factors of 78415083?
3, 41, 212507
What are the prime factors of 2901782317?
7, 607, 682933
What are the prime factors of 56835916?
2, 19, 747841
What are the prime factors of 3708002141?
17, 241, 905053
List the prime factors of 257347613.
257347613
List the prime factors of 294508746.
2, 3, 7, 29, 80599
What are the prime factors of 23544947?
41, 557, 1031
What are the prime factors of 4649154755?
5, 7, 5281, 25153
List the prime factors of 862546768.
2, 29, 1858937
List the prime factors of 222484790.
2, 5, 11, 139, 14551
List the prime factors of 203395576.
2, 25424447
List the prime factors of 809406583.
809406583
List the prime factors of 66080461.
19, 131, 139, 191
What are the prime factors of 4566822056?
2, 570852757
What are the prime factors of 68029897?
13, 5233069
List the prime factors of 509986991.
509986991
What are the prime factors of 17400201?
3, 7, 13, 63737
List the prime factors of 41826908.
2, 307, 34061
What are the prime factors of 124415256?
2, 3, 7, 787, 941
What are the prime factors of 163863540?
2, 3, 5, 43, 7057
List the prime factors of 23461691.
11, 2132881
List the prime factors of 368810906.
2, 31, 5948563
List the prime factors of 203779310.
2, 5, 7, 23, 47, 2693
List the prime factors of 254577626.
2, 127288813
List the prime factors of 40544505.
3, 5, 59, 15271
List the prime factors of 1857884610.
2, 3, 5, 17, 3642911
List the prime factors of 52296585.
3, 5, 11, 151, 2099
List the prime factors of 43930322.
2, 23, 37, 53, 487
List the prime factors of 696481171.
696481171
List the prime factors of 347865834.
2, 3, 617, 93967
List the prime factors of 3312966.
2, 3, 23, 24007
List the prime factors of 53667112.
2, 941, 7129
List the prime factors of 2542370308.
2, 635592577
List the prime factors of 262534324.
2, 13, 19, 467, 569
List the prime factors of 115258153.
107, 1077179
What are the prime factors of 283814176?
2, 31, 286103
What are the prime factors of 368800325?
5, 14752013
List the prime factors of 1168162935.
3, 5, 7603, 10243
List the prime factors of 9137676433.
9137676433
List the prime factors of 305990435.
5, 5849, 10463
List the prime factors of 687546902.
2, 7, 191, 257123
List the prime factors of 179605884.
2, 3, 17, 880421
List the prime factors of 898433451.
3, 41, 30059
List the prime factors of 2547908115.
3, 5, 169860541
What are the prime factors of 4329974081?
1451, 2984131
What are the prime factors of 2162504958?
2, 3, 17, 2473, 8573
List the prime factors of 45386944.
2, 211, 3361
What are the prime factors of 170040217?
170040217
List the prime factors of 357833752.
2, 71, 629989
What are the prime factors of 6922331210?
2, 5, 692233121
What are